 -2?
1770
In base 4, what is -112113 - 2?
-112121
In base 11, what is -101 - -18?
-94
In base 12, what is -2 - 522?
-524
In base 7, what is 6 - 346?
-340
In base 5, what is -4442021 - -3?
-4442013
In base 15, what is -85b + c?
-84e
In base 10, what is -8 + 75?
67
In base 2, what is 0 - 10001101?
-10001101
In base 8, what is -3 - 2672?
-2675
In base 12, what is 1 + 64?
65
In base 4, what is -2012 - 12?
-2030
In base 7, what is 140 - -3?
143
In base 14, what is 78c + 0?
78c
In base 13, what is -240 - -52?
-1bb
In base 5, what is 3 - -12400?
12403
In base 10, what is 3 + -8?
-5
In base 16, what is 8e + -4?
8a
In base 6, what is -40 - -2?
-34
In base 5, what is 303 - 32?
221
In base 16, what is -2c9 - 0?
-2c9
In base 6, what is -4354 + -2?
-4400
In base 9, what is 183 - -10?
203
In base 6, what is -3 + -104?
-111
In base 15, what is -1a67 + -3?
-1a6a
In base 15, what is 8 - -1?
9
In base 15, what is -3 - -55e?
55b
In base 12, what is b4a - 5?
b45
In base 6, what is 2 - -4?
10
In base 12, what is -46 + -1?
-47
In base 15, what is -10 + 4?
-b
In base 7, what is 3 - -42?
45
In base 11, what is 2 + 54?
56
In base 7, what is -5452 - 4?
-5456
In base 5, what is 124130 + 10?
124140
In base 13, what is -1 + -a42?
-a43
In base 4, what is -33 - 200?
-233
In base 3, what is 120 + 1?
121
In base 16, what is -5 + -a3?
-a8
In base 13, what is -6 + -20?
-26
In base 3, what is 10 + 2002021?
2002101
In base 2, what is 1110 + -101111001?
-101101011
In base 13, what is 2 - -76?
78
In base 5, what is 334 - 13?
321
In base 7, what is -164 - -11?
-153
In base 13, what is 1 - -602?
603
In base 16, what is 5 - -5a?
5f
In base 9, what is 53 - 5?
47
In base 13, what is -5 + 68?
63
In base 11, what is 4 - 102a?
-1026
In base 2, what is 100 - 101?
-1
In base 6, what is 0 - -43022?
43022
In base 16, what is -112 - -2?
-110
In base 14, what is 99 - -c2?
17b
In base 15, what is -5 - -8?
3
In base 6, what is -4 + 1030?
1022
In base 8, what is -11 - 24?
-35
In base 8, what is 262 + -25?
235
In base 16, what is f + -42?
-33
In base 16, what is -1454 - 5?
-1459
In base 5, what is 424 + -201?
223
In base 5, what is 12 - -140?
202
In base 8, what is -1 + -14?
-15
In base 11, what is -14 + -a?
-23
In base 10, what is -5 - -403?
398
In base 7, what is -21 - -456?
435
In base 2, what is 10111111 - -100?
11000011
In base 6, what is -2 + -45?
-51
In base 14, what is 1b - -2d?
4a
In base 7, what is 1246 + -3?
1243
In base 7, what is 3054 - -3?
3060
In base 4, what is -10 + -33?
-103
In base 12, what is -5 - -425?
420
In base 11, what is -49 + -4?
-52
In base 9, what is 14 - 281?
-266
In base 14, what is -16 + b8?
a2
In base 11, what is 2 + -a8?
-a6
In base 13, what is 2 - 20?
-1b
In base 2, what is -1001 + -1?
-1010
In base 5, what is 204 + -34?
120
In base 7, what is 5 + -12326?
-12321
In base 12, what is -852 + -2?
-854
In base 9, what is 20 + 21?
41
In base 7, what is -23 - 243?
-266
In base 4, what is -30302212 + 0?
-30302212
In base 2, what is 1010010000100 + 0?
1010010000100
In base 15, what is -2d79 - -4?
-2d75
In base 14, what is -5c + -4?
-62
In base 3, what is 201111 - 2?
201102
In base 14, what is -5 + 34?
2d
In base 13, what is -24 + -6?
-2a
In base 9, what is 4163 + -4?
4158
In base 9, what is 11 - 11?
0
In base 7, what is 2 - 320?
-315
In base 2, what is 1101 - -10111100?
11001001
In base 8, what is -14 - 115?
-131
In base 11, what is -157 + 7?
-150
In base 16, what is -5 + 7?
2
In base 10, what is 16 + -35?
-19
In base 16, what is 10 - 22?
-12
In base 5, what is -14430 - 3?
-14433
In base 15, what is -5 - 4?
-9
In base 5, what is 10 + -14011?
-14001
In base 16, what is -1090 - 1?
-1091
In base 11, what is 3238 + 4?
3241
In base 14, what is 5 + -20?
-19
In base 11, what is 402 - -4?
406
In base 12, what is 31 - -1?
32
In base 14, what is -2 + 70d?
70b
In base 5, what is 4 - -222?
231
In base 16, what is -6 + 89a?
894
In base 3, what is 2 - -1121?
1200
In base 2, what is -11101 + 0?
-11101
In base 2, what is 1 - -11000111001?
11000111010
In base 13, what is 4a + -2?
48
In base 3, what is 202 - 0?
202
In base 13, what is 6 + -164?
-15b
In base 16, what is 3c - a?
32
In base 13, what is -4 - 48?
-4c
In base 5, what is 34122 + -1?
34121
In base 11, what is 301 - 0?
301
In base 14, what is 118 - -a?
124
In base 2, what is -11 - 10110?
-11001
In base 5, what is -3 + 43?
40
In base 13, what is 1 + -1908?
-1907
In base 6, what is 43 - 3?
40
In base 12, what is -120 + -3?
-123
In base 6, what is -243122 + 2?
-243120
In base 10, what is -3 + -133?
-136
In base 12, what is -5 - -102?
b9
In base 10, what is -1 + -7556?
-7557
In base 11, what is -8 - 15?
-22
In base 11, what is -94 + -6?
-9a
In base 7, what is -1 - 302?
-303
In base 3, what is -120212 - 2?
-120221
In base 7, what is 100312 + -1?
100311
In base 11, what is -34 - -2?
-32
In base 13, what is 3 + -959?
-956
In base 14, what is 1 - 23b?
-23a
In base 13, what is 2 - 64?
-62
In base 8, what is -12 - -7?
-3
In base 14, what is c + -59?
-4b
In base 9, what is 5 + -6101?
-6085
In base 12, what is -a - -33?
25
In base 10, what is -100 + 2?
-98
In base 13, what is -5 - -11?
9
In base 9, what is -2 - -1106?
1104
In base 14, what is 7c + 31?
ad
In base 4, what is -111 + 20031?
13320
In base 13, what is -4 - -2248?
2244
In base 2, what is -11 + -11100110?
-11101001
In base 4, what is 2332 + -2?
2330
In base 11, what is -1131 - 12?
-1143
In base 10, what is 3 + -6882?
-6879
In base 5, what is -212 + 31?
-131
In base 12, what is 11 + -4?
9
In base 16, what is 1 - -125d?
125e
In base 8, what is 2 + -273?
-271
In base 11, what is 16 - -1?
17
In base 4, what is -11 - 203?
-220
In base 3, what is -10212 - 12?
-11001
In base 15, what is -23c + 2?
-23a
In base 14, what is 5 - 50?
-49
In base 8, what is 107 - -7?
116
In base 5, what is 4 - -404?
413
In base 6, what is 3 + 1521?
1524
In base 3, what is -1002 - -20210?
12201
In base 15, what is 25c + -1d?
23e
In base 15, what is 184 - -12?
196
In base 14, what is -8c6 - 5?
-8cb
In base 11, what is 3 - -489?
491
In base 15, what is -4 + 63?
5e
In base 10, what is -18 + 11?
-7
In base 16, what is 11b + 3?
11e
In base 4, what is 2103023 - -2?
2103031
In base 13, what is -161 + -4?
-165
In base 13, what is 5 + 258?
260
In base 11, what is 202 + 11?
213
In base 6, what is 4 + 1020?
1024
In base 14, what is -1b - -13?
-8
In base 9, what is -15 + -8?
-24
In base 2, what is -101 + -111011111101?
-111100000010
In base 14, what is -119 + 18?
-101
In base 12, what is 2 + 13?
15
In base 9, what is 1 - -154?
155
In base 3, what is 111021 + -2?
111012
In base 4, what is 13 - 133?
-120
In base 5, what is 430 + 10?
440
In base 16, what is -5 + 1c?
17
In base 2, what is 111011000 - -10001?
111101001
In base 9, what is 20 - 1?
18
In base 16, what is 1 + -d?
-c
In base 14, what is 10 + -17?
-7
In base 9, what is -11576 + -1?
-11577
In base 8, what is 2 + -771?
-767
In base 14, what is 1592 + -2?
1590
In base 9, what is -3 - 2182?
-2185
In base 6, what is -21 - -51?
30
In base 16, what is 4a - 4?
46
In base 13, what is 33 - -27?
5a
In base 9, what is 4 + 12368?
12373
In base 9, what is 0 + 33?
33
In base 12, what is 5 + -56?
-51
In base 5, what is 2 - -201410?
201412
In base 10, what is -5 + 441?
436
In base 2, what is -11011 + 10000?
-1011
In base 6, what is -1 - -20333?
20332
In base 10, what is -265 + -21?
-286
In base 11, what is 2 - 7?
-5
In base 14, what is 0 + -93?
-93
In base 10, what is 9694 - 4?
9690
In base 9, what is 51 + 55?
116
In base 13, what is -41 + -5?
-46
In base 16, what is -8b - 5?
-90
In base 8, what is -2 - 453?
-455
In base 7, what is 624 + -2?
622
In base 3, what is -21221220 - 1?
-21221221
In base 8, what is -5 + -61?
-66
In base 13, what is 495 - 3?
492
In base 10, what is -365 - -12?
-353
In base 13, what is -4 - 82?
-86
In base 5, what is -402 + 444?
42
In base 2, what is 1011 - -1?
1100
In base 14, what is 1150 - 3?
114b
In base 3, what is 11 + -2120200?
-2120112
In base 13, what is 5 - -12?
17
In base 6, what is 22 - 2352?
-2330
In base 4, what is 10000031 + 3?
10000100
In base 12, what is 4 + -28b1?
-28a9
In base 15, what is 11ea - -3?
11ed
In base 5, what is -1 - -123?
122
In base 12, what is 3 + 17b?
182
In base 7, what is 4 + 11?
15
In base 16, what is 161 - -1?
162
In base 6,